{"id":2571,"date":"2021-08-25T14:03:04","date_gmt":"2021-08-25T14:03:04","guid":{"rendered":"https:\/\/proecotur.ro\/respect-pentru-apa-respect-pentru-peste\/?page_id=2571"},"modified":"2021-08-25T17:35:41","modified_gmt":"2021-08-25T17:35:41","slug":"cupa-micului-pescar","status":"publish","type":"page","link":"https:\/\/proecotur.ro\/respect-pentru-apa-respect-pentru-peste\/activitati\/cupa-micului-pescar\/","title":{"rendered":"Cupa Micului Pescar"},"content":{"rendered":"<p>[vc_row][vc_column css=&#8221;.vc_custom_1629906585333{padding-bottom: 30px !important;}&#8221;][vc_column_text]\u00cen cursul implement\u0103rii proiectului <em>\u201dRespect pentru ap\u0103, respect pentru pe\u0219te\u201d<\/em>, unul din obiectivele acestuia a fost realizarea unei activit\u0103\u021bi de educare \u0219i con\u0219tientizare, \u00een parteneriat cu c\u00e2te o \u0219coal\u0103 din fiecare cele 11 UAT-uri unde a fost implementat proiectul. \u00cen cadrul acestor activit\u0103\u021bi a fost organizat un concurs, <em>\u201dCUPA MICULUI PESCAR\u201d<\/em>, care a fost structurat \u00een dou\u0103 p\u0103r\u021bi. Concursul a fost \u00eenceput \u00een data de 10.02.2021 \u0219i finalizat abia \u00een data de 19.05.2021, dup\u0103 ce a suferit mai multe am\u00e2n\u0103ri \u0219i modific\u0103ri ale datelor \u0219i modalit\u0103\u021bilor propuse ini\u021bial de desf\u0103\u0219urare, ca urmare a st\u0103rii de urgen\u021b\u0103 datorate pandemiei de covid -19. Mai exact, a trebuit s\u0103 ne pliem pe programul \u0219i modul de func\u021bionare a fiec\u0103rei \u0219coli \u00een parte, care era influen\u021bat de codul de culoare sub care se afla la momentul respectiv, exist\u00e2nd cazuri \u00een care elevii din aceea\u0219i clas\u0103 \u00eenv\u0103\u021bau \u00een ture sau jum\u0103tate dintre ei de acas\u0103, pentru a se putea respecta condi\u021biile de distan\u021bare social\u0103. Mai mult, perioada de desf\u0103\u0219urare a concursului a suferit modific\u0103ri \u0219i datorit\u0103 prelungirii \u00een ultimul moment, cu 2 s\u0103pt\u0103m\u00e2ni, a vacan\u021bei de prim\u0103var\u0103. Din acest motive, perioada de desf\u0103\u0219urare a concursului a avut de suferit, exist\u00e2nd \u0219coli la care aceasta a fost mai lung\u0103, iar la altele a fost mai scurt\u0103.<\/p>\n<p>&nbsp;<\/p>\n<p><strong><em>Prima parte a concursului<\/em><\/strong>, a prev\u0103zut \u00eenceperea acestuia prin organizarea unei activit\u0103\u021bi de informare la nivelul cadrelor didactice \u0219i a elevilor implica\u021bi \u00een proiect. Cu aceast\u0103 ocazie a fost prezentat scopul \u0219i rolul proiectului, au fost distribuite materialele de promovare ale proiectului \u0219i au fost comunicate regulile de desf\u0103\u0219urare a concursului propriuzis. Regulile au fost utm\u0103toarele, concursul av\u00e2nd 3 probe:<\/p>\n<p>&#8211; La proba nr. 1, clasele implicate \u00een proiect aveau obligativitatea confec\u021bion\u0103rii de c\u0103tre to\u021bi elevii, \u00een colaborare, pe fiecare clas\u0103, a c\u00e2te unei machete din materiale recilate, inspirate din arealul Zonei Pesc\u0103re\u0219ti Prut-Dun\u0103re Gala\u021bi, acestea urm\u00e2nd a fi jurizate \u0219i punctate ulterior.<\/p>\n<p>&#8211; La proba nr. 2, colectivul fiec\u0103rei clase trebuia s\u0103 desemneze c\u00e2te 4 reprezentan\u021bi din r\u00e2ndul lor, care \u00een partea a doua a concursului trebuiau s\u0103 participe la un concurs de cuno\u0219tin\u021be generale despre proiect, de tipul o <em>\u00eentrebare \u2013 un r\u0103spuns<\/em>.<\/p>\n<p>&#8211; La proba nr. 3, urma s\u0103 se organizeze un concurs de ecologizare, contratimp, \u00een arealul Zonei Pesc\u0103re\u0219ti Prut-Dun\u0103re Gala\u021bi,\u00a0 urm\u00e2nd a fi jurizat \u0219i punctat ulterior, \u00een func\u021bie de nr. de saci colectat de fiecare clas\u0103 \u00een parte.<\/p>\n<p>&nbsp;<\/p>\n<p><strong><em>Partea a doua a concursului (final\u0103)<\/em><\/strong> s-a desf\u0103\u0219urat astfel:<\/p>\n<p>&#8211;\u00a0 La proba nr. 1 de confec\u021bionare machete, reprezentan\u021bii Asocia\u021biei PRO ECO-TUR au jurizat machetele, cele declarate c\u00e2\u0219tig\u0103toare primind un punct.<\/p>\n<p>&#8211; La proba nr. 2 de cuno\u0219tin\u021be generale despre proiect, au fost \u00eentocmite 8 bilete cu \u00eentreb\u0103ri despre rolul \u0219i scopul proiectului. Cei 8 elevi participan\u021bi din cadrul unei \u0219coli (c\u00e2te 4 \/ clas\u0103), au trebuit s\u0103 trag\u0103 aleatoriu, fiecare, c\u00e2te un bilet, dup\u0103 care trebuiau s\u0103 citeasc\u0103 \u00eentrebarea \u0219i s\u0103 dea r\u0103spunsul individual, \u00eentr-un interval de maxim 2 minute. Au fost punctate r\u0103spunsurile corecte cu c\u00e2te un punct. Astfel, fiecare clas\u0103 putea ob\u021bine minim 0 puncte, maxim 4 puncte.<\/p>\n<p>&#8211; La proba nr. 3, (urmare a solicit\u0103rii unora dintre directorii \u0219colilor implicate, motivat de situa\u021bia impus\u0103 de pandemia de covid-19, de a nu mai deplasa suplimentar elevii cu microbuzele \u0219colare) a fost organizat c\u00e2te un concurs de ecologizare contratimp de jum\u0103tate de or\u0103, la fiecare \u0219coal\u0103. Astfel, a fost punctat cu c\u00e2te un punct fiecare sac de gunoi adunat \u00een timpul impus.<\/p>\n<p>Pentru buna organizare a concursurilor, au participat la implementare, membri \u0219i voluntari ai Asocia\u021biei PRO ECO-TUR.<\/p>\n<p>&nbsp;<\/p>\n<p>Cu aceast\u0103 ocazie, au fost diseminate elevilor, materiale de promovare (pliante, jocuri, mape, tricouri).<\/p>\n<p>&nbsp;<\/p>\n<p>Ata\u0219\u0103m copii foto de la activit\u0103\u021bile desf\u0103\u0219urate la cele 11 \u0219coli implicate din UAT-urile: Cavadine\u0219ti, Suceveni, Oancea, Vl\u0103de\u0219ti, M\u0103st\u0103cani, Folte\u0219ti, Frumu\u0219i\u021ba, Tuluce\u0219ti, Gala\u021bi, \u0218endreni \u0219i Brani\u0219tea.[\/vc_column_text][\/vc_column][\/vc_row][vc_row][vc_column][vc_gallery type=&#8221;image_grid&#8221; images=&#8221;2694,2695,2698,2699,2701,2702,2703,2705,2706,2707,2708,2709,2710,2711,2712,2713,2714,2715,2716,2717,2718,2719,2720,2721,2722,2723,2724,2725,2726,2727,2728,2729,2730,2731,2732,2733,2734,2735,2736,2737,2738,2739,2740,2741,2742,2743,2744,2745,2746,2747,2748,2749,2750,2751,2752,2753,2754,2755,2756,2757,2758,2759&#8243;][\/vc_column][\/vc_row]<\/p>\n","protected":false},"excerpt":{"rendered":"<p>[vc_row][vc_column css=&#8221;.vc_custom_1629906585333{padding-bottom: 30px !important;}&#8221;][vc_column_text]\u00cen cursul implement\u0103rii proiectului \u201dRespect pentru ap\u0103, respect pentru pe\u0219te\u201d, unul din obiectivele acestuia a fost realizarea unei activit\u0103\u021bi [&hellip;]<\/p>\n","protected":false},"author":1,"featured_media":0,"parent":2420,"menu_order":0,"comment_status":"closed","ping_status":"closed","template":"","meta":{"footnotes":""},"categories":[],"tags":[67],"class_list":["post-2571","page","type-page","status-publish","hentry","tag-activitati"],"_links":{"self":[{"href":"https:\/\/proecotur.ro\/respect-pentru-apa-respect-pentru-peste\/wp-json\/wp\/v2\/pages\/2571","targetHints":{"allow":["GET"]}}],"collection":[{"href":"https:\/\/proecotur.ro\/respect-pentru-apa-respect-pentru-peste\/wp-json\/wp\/v2\/pages"}],"about":[{"href":"https:\/\/proecotur.ro\/respect-pentru-apa-respect-pentru-peste\/wp-json\/wp\/v2\/types\/page"}],"author":[{"embeddable":true,"href":"https:\/\/proecotur.ro\/respect-pentru-apa-respect-pentru-peste\/wp-json\/wp\/v2\/users\/1"}],"replies":[{"embeddable":true,"href":"https:\/\/proecotur.ro\/respect-pentru-apa-respect-pentru-peste\/wp-json\/wp\/v2\/comments?post=2571"}],"version-history":[{"count":4,"href":"https:\/\/proecotur.ro\/respect-pentru-apa-respect-pentru-peste\/wp-json\/wp\/v2\/pages\/2571\/revisions"}],"predecessor-version":[{"id":2762,"href":"https:\/\/proecotur.ro\/respect-pentru-apa-respect-pentru-peste\/wp-json\/wp\/v2\/pages\/2571\/revisions\/2762"}],"up":[{"embeddable":true,"href":"https:\/\/proecotur.ro\/respect-pentru-apa-respect-pentru-peste\/wp-json\/wp\/v2\/pages\/2420"}],"wp:attachment":[{"href":"https:\/\/proecotur.ro\/respect-pentru-apa-respect-pentru-peste\/wp-json\/wp\/v2\/media?parent=2571"}],"wp:term":[{"taxonomy":"category","embeddable":true,"href":"https:\/\/proecotur.ro\/respect-pentru-apa-respect-pentru-peste\/wp-json\/wp\/v2\/categories?post=2571"},{"taxonomy":"post_tag","embeddable":true,"href":"https:\/\/proecotur.ro\/respect-pentru-apa-respect-pentru-peste\/wp-json\/wp\/v2\/tags?post=2571"}],"curies":[{"name":"wp","href":"https:\/\/api.w.org\/{rel}","templated":true}]}}

<p>[vc_row][vc_column css=&#8221;.vc_custom_1629906585333{padding-bottom: 30px !important;}&#8221;][vc_column_text]În cursul implementării proiectului <em>”Respect pentru apă, respect pentru pește”</em>, unul din obiectivele acestuia a fost realizarea unei activități de educare și conștientizare, în parteneriat cu câte o școală din fiecare cele 11 UAT-uri unde a fost implementat proiectul. În cadrul acestor activități a fost organizat un concurs, <em>”CUPA MICULUI PESCAR”</em>, care a fost structurat în două părți. Concursul a fost început în data de 10.02.2021 și finalizat abia în data de 19.05.2021, după ce a suferit mai multe amânări și modificări ale datelor și modalităților propuse inițial de desfășurare, ca urmare a stării de urgență datorate pandemiei de covid -19. Mai exact, a trebuit să ne pliem pe programul și modul de funcționare a fiecărei școli în parte, care era influențat de codul de culoare sub care se afla la momentul respectiv, existând cazuri în care elevii din aceeași clasă învățau în ture sau jumătate dintre ei de acasă, pentru a se putea respecta condițiile de distanțare socială. Mai mult, perioada de desfășurare a concursului a suferit modificări și datorită prelungirii în ultimul moment, cu 2 săptămâni, a vacanței de primăvară. Din acest motive, perioada de desfășurare a concursului a avut de suferit, existând școli la care aceasta a fost mai lungă, iar la altele a fost mai scurtă.</p>
<p>&nbsp;</p>
<p><strong><em>Prima parte a concursului</em></strong>, a prevăzut începerea acestuia prin organizarea unei activități de informare la nivelul cadrelor didactice și a elevilor implicați în proiect. Cu această ocazie a fost prezentat scopul și rolul proiectului, au fost distribuite materialele de promovare ale proiectului și au fost comunicate regulile de desfășurare a concursului propriuzis. Regulile au fost utmătoarele, concursul având 3 probe:</p>
<p>&#8211; La proba nr. 1, clasele implicate în proiect aveau obligativitatea confecționării de către toți elevii, în colaborare, pe fiecare clasă, a câte unei machete din materiale recilate, inspirate din arealul Zonei Pescărești Prut-Dunăre Galați, acestea urmând a fi jurizate și punctate ulterior.</p>
<p>&#8211; La proba nr. 2, colectivul fiecărei clase trebuia să desemneze câte 4 reprezentanți din rândul lor, care în partea a doua a concursului trebuiau să participe la un concurs de cunoștințe generale despre proiect, de tipul o <em>întrebare – un răspuns</em>.</p>
<p>&#8211; La proba nr. 3, urma să se organizeze un concurs de ecologizare, contratimp, în arealul Zonei Pescărești Prut-Dunăre Galați,  urmând a fi jurizat și punctat ulterior, în funcție de nr. de saci colectat de fiecare clasă în parte.</p>
<p>&nbsp;</p>
<p><strong><em>Partea a doua a concursului (finală)</em></strong> s-a desfășurat astfel:</p>
<p>&#8211;  La proba nr. 1 de confecționare machete, reprezentanții Asociației PRO ECO-TUR au jurizat machetele, cele declarate câștigătoare primind un punct.</p>
<p>&#8211; La proba nr. 2 de cunoștințe generale despre proiect, au fost întocmite 8 bilete cu întrebări despre rolul și scopul proiectului. Cei 8 elevi participanți din cadrul unei școli (câte 4 / clasă), au trebuit să tragă aleatoriu, fiecare, câte un bilet, după care trebuiau să citească întrebarea și să dea răspunsul individual, într-un interval de maxim 2 minute. Au fost punctate răspunsurile corecte cu câte un punct. Astfel, fiecare clasă putea obține minim 0 puncte, maxim 4 puncte.</p>
<p>&#8211; La proba nr. 3, (urmare a solicitării unora dintre directorii școlilor implicate, motivat de situația impusă de pandemia de covid-19, de a nu mai deplasa suplimentar elevii cu microbuzele școlare) a fost organizat câte un concurs de ecologizare contratimp de jumătate de oră, la fiecare școală. Astfel, a fost punctat cu câte un punct fiecare sac de gunoi adunat în timpul impus.</p>
<p>Pentru buna organizare a concursurilor, au participat la implementare, membri și voluntari ai Asociației PRO ECO-TUR.</p>
<p>&nbsp;</p>
<p>Cu această ocazie, au fost diseminate elevilor, materiale de promovare (pliante, jocuri, mape, tricouri).</p>
<p>&nbsp;</p>
<p>Atașăm copii foto de la activitățile desfășurate la cele 11 școli implicate din UAT-urile: Cavadinești, Suceveni, Oancea, Vlădești, Măstăcani, Foltești, Frumușița, Tulucești, Galați, Șendreni și Braniștea.[/vc_column_text][/vc_column][/vc_row][vc_row][vc_column][vc_gallery type=&#8221;image_grid&#8221; images=&#8221;2694,2695,2698,2699,2701,2702,2703,2705,2706,2707,2708,2709,2710,2711,2712,2713,2714,2715,2716,2717,2718,2719,2720,2721,2722,2723,2724,2725,2726,2727,2728,2729,2730,2731,2732,2733,2734,2735,2736,2737,2738,2739,2740,2741,2742,2743,2744,2745,2746,2747,2748,2749,2750,2751,2752,2753,2754,2755,2756,2757,2758,2759&#8243;][/vc_column][/vc_row]</p>

<p>[vc_row][vc_column css=&#8221;.vc_custom_1629906585333{padding-bottom: 30px !important;}&#8221;][vc_column_text]În cursul implementării proiectului ”Respect pentru apă, respect pentru pește”, unul din obiectivele acestuia a fost realizarea unei activități [&hellip;]</p>
