{"id":2565,"date":"2021-08-25T14:00:20","date_gmt":"2021-08-25T14:00:20","guid":{"rendered":"https:\/\/proecotur.ro\/respect-pentru-apa-respect-pentru-peste\/?page_id=2565"},"modified":"2021-08-25T17:35:16","modified_gmt":"2021-08-25T17:35:16","slug":"informare-initiala","status":"publish","type":"page","link":"https:\/\/proecotur.ro\/respect-pentru-apa-respect-pentru-peste\/activitati\/informare-initiala\/","title":{"rendered":"Informare Ini\u021bial\u0103"},"content":{"rendered":"<p>[vc_row][vc_column css=&#8221;.vc_custom_1629906621660{padding-bottom: 30px !important;}&#8221;][vc_column_text]- \u00cen luna decembrie 2020, au fost realizate deplas\u0103ri \u00een toate comunit\u0103\u021bile locale din cele 11 UAT-uri din zona Zona Pesc\u0103reasc\u0103 \u201dPrut \u2013 Dun\u0103re\u201d Gala\u021bi, fiind afi\u0219ate \u00een loc vizibil la \u0219coli, prim\u0103rii, c\u0103mine culturale, magazine \u0219i nu numai, postere A3, pentru sporirea gradului de con\u0219tientizare al comunit\u0103\u021bilor locale asupra activit\u0103\u021bilor proiectului.<\/p>\n<p>&nbsp;<\/p>\n<p>&#8211; \u00cen lunile ianuarie \u0219i februarie 2021 au fost continuate activit\u0103\u021bile de informare ini\u021bial\u0103.<\/p>\n<p>[\/vc_column_text][\/vc_column][\/vc_row][vc_row][vc_column][vc_gallery type=&#8221;image_grid&#8221; images=&#8221;2621,2622,2623,2624,2625,2626,2628,2629,2630,2631&#8243; img_size=&#8221;medium&#8221; css=&#8221;.vc_custom_1629904965250{padding-top: 5px !important;padding-right: 5px !important;padding-bottom: 5px !important;padding-left: 5px !important;}&#8221;][\/vc_column][\/vc_row]<\/p>\n","protected":false},"excerpt":{"rendered":"<p>[vc_row][vc_column css=&#8221;.vc_custom_1629906621660{padding-bottom: 30px !important;}&#8221;][vc_column_text]- \u00cen luna decembrie 2020, au fost realizate deplas\u0103ri \u00een toate comunit\u0103\u021bile locale din cele 11 UAT-uri din zona [&hellip;]<\/p>\n","protected":false},"author":1,"featured_media":0,"parent":2420,"menu_order":0,"comment_status":"closed","ping_status":"closed","template":"","meta":{"footnotes":""},"categories":[],"tags":[67],"class_list":["post-2565","page","type-page","status-publish","hentry","tag-activitati"],"_links":{"self":[{"href":"https:\/\/proecotur.ro\/respect-pentru-apa-respect-pentru-peste\/wp-json\/wp\/v2\/pages\/2565","targetHints":{"allow":["GET"]}}],"collection":[{"href":"https:\/\/proecotur.ro\/respect-pentru-apa-respect-pentru-peste\/wp-json\/wp\/v2\/pages"}],"about":[{"href":"https:\/\/proecotur.ro\/respect-pentru-apa-respect-pentru-peste\/wp-json\/wp\/v2\/types\/page"}],"author":[{"embeddable":true,"href":"https:\/\/proecotur.ro\/respect-pentru-apa-respect-pentru-peste\/wp-json\/wp\/v2\/users\/1"}],"replies":[{"embeddable":true,"href":"https:\/\/proecotur.ro\/respect-pentru-apa-respect-pentru-peste\/wp-json\/wp\/v2\/comments?post=2565"}],"version-history":[{"count":8,"href":"https:\/\/proecotur.ro\/respect-pentru-apa-respect-pentru-peste\/wp-json\/wp\/v2\/pages\/2565\/revisions"}],"predecessor-version":[{"id":2763,"href":"https:\/\/proecotur.ro\/respect-pentru-apa-respect-pentru-peste\/wp-json\/wp\/v2\/pages\/2565\/revisions\/2763"}],"up":[{"embeddable":true,"href":"https:\/\/proecotur.ro\/respect-pentru-apa-respect-pentru-peste\/wp-json\/wp\/v2\/pages\/2420"}],"wp:attachment":[{"href":"https:\/\/proecotur.ro\/respect-pentru-apa-respect-pentru-peste\/wp-json\/wp\/v2\/media?parent=2565"}],"wp:term":[{"taxonomy":"category","embeddable":true,"href":"https:\/\/proecotur.ro\/respect-pentru-apa-respect-pentru-peste\/wp-json\/wp\/v2\/categories?post=2565"},{"taxonomy":"post_tag","embeddable":true,"href":"https:\/\/proecotur.ro\/respect-pentru-apa-respect-pentru-peste\/wp-json\/wp\/v2\/tags?post=2565"}],"curies":[{"name":"wp","href":"https:\/\/api.w.org\/{rel}","templated":true}]}}